7 + j**y + j**3 + j - 6*j**2. Calculate d(5).
2
Let n(x) = -2*x + 1. Let o(v) = -v**3 - 6*v**2 + 8*v + 10. Let r be o(-7). Determine n(r).
-5
Let v(x) = x + 2. Let t(u) be the first derivative of -u**3/3 + 7*u**2/2 + 8*u - 5. Let o be t(8). Determine v(o).
2
Let g(o) = 10*o + 7. Let n(f) = -7*f - 5. Let v(i) = -5*g(i) - 7*n(i). Give v(1).
-1
Suppose 0 = -4*i - 3 - 13. Let z(r) = 4*r - 4. Let l(g) = 1. Let s(c) = -5*l(c) - z(c). Let p(h) = 5*h + 1. Let o(x) = i*s(x) - 3*p(x). What is o(5)?
6
Let m = -40 - -45. Let z(g) = -g**2 + 4*g + 6. Give z(m).
1
Let z(s) be the third derivative of s**4/24 + s**3/2 + 6*s**2. Determine z(-4).
-1
Let l be 0 - ((-44)/8 + 5). Let p(u) be the third derivative of 0 - l*u**3 + 1/24*u**4 - 2*u**2 + 0*u. Calculate p(4).
1
Let g(n) = n**2 - 6*n + 2. Let j(y) = -y**2 + 5*y - 2. Let m(v) = 3*g(v) + 4*j(v). Determine m(2).
-2
Let n be ((-2)/4)/((-1)/(-10)). Let f(r) be the third derivative of 0 - 1/60*r**5 - 7/6*r**3 + 3*r**2 + 0*r - 7/24*r**4. Give f(n).
3
Let l be 3 - (0 - -2) - -1. Let k(d) = 3 - d**3 - 2*d**2 + 3*d**2 - 3*d**2 + 3*d**l - d. Let x = 0 + 0. Give k(x).
3
Let g(o) = o**2 + 4. Suppose 3*b - 9*b = 0. Calculate g(b).
4
Let t(v) = -2*v + 2*v + 4*v - 1 - 10*v + v**2. What is t(5)?
-6
Let j(p) = p - 9 + 4*p - 3*p + 6. Determine j(2).
1
Let l(b) = -b**3 - 4*b**2 + 6*b + 5. Let p be 4/5 - ((-18)/(-10) + 4). Give l(p).
0
Let h(a) = -a**3 + 5*a**2 + 5. Let r be h(5). Let g(o) = 3*o - 5. Give g(r).
10
Let l(p) = 19*p - 7. Let n(a) = 9*a - 3. Let m(i) = -i**2 + 8*i - 8. Let r be m(6). Let d(z) = r*l(z) - 9*n(z). Determine d(1).
-6
Let a(n) be the first derivative of n**2 - 5. Suppose -i = -k + 4, -i = -0*k - 3*k + 8. Determine a(i).
-4
Let s = -18 - -22. Let o(w) = -w**2 + 5*w + 2. Calculate o(s).
6
Suppose 5*l + 6 = 36. Suppose -2*v + l*v = 20. Let x(g) = -g**3 + 5*g**2 + 4. Determine x(v).
4
Let i(f) be the first derivative of f**2 + 2*f - 1. Let s(w) = -4*w - 5. Let z(b) = 5*i(b) + 2*s(b). Let r be -1*3*1/3. What is z(r)?
-2
Let r(n) be the third derivative of -3*n**2 + 0*n - n**3 + 1/8*n**4 + 0. What is r(5)?
9
Let l(d) = 1 + 0*d + 9*d**2 - 3*d**2 - d**3 + 8*d. What is l(7)?
8
Let d(q) = 4*q + 3. Let n(v) = -18*v - 13. Let c(r) = -26*d(r) - 6*n(r). Give c(-3).
-12
Let i(q) = 2*q - 4. Let f be i(4). Let p = -1 + 4. Let j(b) = 2*b**2 + 7*b - 5. Let n(o) = o**2 + o. Let d(h) = p*n(h) - j(h). Determine d(f).
5
Let f(k) = -k**3 + 3*k**2 + 6*k - 5. Suppose 0 = 2*j + 4 - 12. Calculate f(j).
3
Suppose -5*d = 3*v + 23 - 9, 4*v = -5*d - 12. Let j(p) be the first derivative of 2*p + 1/2*p**2 + 1 - 1/3*p**3. Determine j(v).
0
Suppose 3*r - r + 6 = 0. Let x be (-1)/r + 6/9. Let h(t) be the first derivative of t**2 - t - 1. Determine h(x).
1
Suppose 0*k - 5 = -k. Suppose 8 = k*u - 7*u. Let l(p) = p**2 + 2*p - 5. Calculate l(u).
3
Let o(s) = -s**3 - 4*s**2 + 5*s + 1. Let v(t) = -t + 8. Suppose 9*g - 39 = 6*g. Let m be v(g). What is o(m)?
1
Let p(c) = -6*c + 3. Let m = 5 - 2. Suppose -5*j = -2*i + 4*i + 21, 25 = 5*i - m*j. Determine p(i).
-9
Let x = -4 - -5. Let o(i) = 4*i**3 + 3*i**3 - 6*i**3 - 2*i**3 + x. Calculate o(1).
0
Let m be 5/2 + 2/(-4). Suppose 4*u + 2 = -2*h - 0, 16 = 3*u - m*h. Let o(p) = 0 - p**3 - 2 - 3*p + 5*p**u - 2. Determine o(4).
0
Let o(t) be the third derivative of 1/2*t**3 + 0 + 2*t**2 + 1/24*t**4 + 0*t. Suppose 0 = -4*f + 16, 2*l - 6*l + 3*f - 20 = 0. Calculate o(l).
1
Let z = -66 + 68. Let c(b) = b - 4. Determine c(z).
-2
Let l(z) = -6*z + 16. Let w(i) = -4*i + 11. Let n(d) = -5*l(d) + 7*w(d). Let g be -6 - -3 - (8 + -4 + -13). Determine n(g).
9
Let m(k) = -1 + 3*k - k - k**2 + 2*k. Let i = 53 + -48. Calculate m(i).
-6
Let l(z) = 6*z - 4. Let d(p) = 6 + p - 6. Let b be -1 - (2 - 1) - -3. Let r(n) = b*l(n) - 2*d(n). Calculate r(3).
8
Let p(m) be the second derivative of 7*m**4/12 + m**2/2 + 3*m. Let k(f) = f - 5. Let l be k(7). Let g = l + -3. Give p(g).
8
Let d(c) = -6*c + 5*c - 1 + 0*c + 0*c. Calculate d(2).
-3
Suppose -p + 7 = r, -2*r - p + 17 = 2*p. Let z(m) = -m**2 + 6*m - 2. Calculate z(r).
6
Let n(g) = g - 5. Let m(c) = c. Let k be m(-7). Let a = 17 + k. Suppose -4*r + 0*r + w = 5, -3*r = 2*w - a. What is n(r)?
-5
Let b(m) be the first derivative of m**4/4 + 11*m**3/3 - m**2/2 - 15*m + 19. Give b(-11).
-4
Let g(w) = -w**2 - 3*w - 1. Let n(t) = t. Let p be n(-9). Let j be 24/p*(-18)/8. Let f be 0 + j/2*-1. Determine g(f).
-1
Let b(s) = -4 - s + 10*s - 2*s - s**3 + 4*s**2. Suppose 3*o = 7*o - j + 31, 34 = -4*o - 2*j. Let g = -3 - o. What is b(g)?
6
Let x(m) be the second derivative of m**3/2 + 3*m**2 + 4*m. Suppose v - 5 = 0, 4*v - 12 = -2*h + 20. Suppose -4*r = h + 10. Determine x(r).
-6
Let f(y) = 0*y + 0*y**2 + y - y**2 - 3. What is f(0)?
-3
Let g be 66/(-12) + 2/4. Let r be 2/(g + 3/1). Let o(x) = -x. Give o(r).
1
Let i(n) = -2*n - 1. Let a = 3 + -1. Suppose 3 = -3*k + a*k. Determine i(k).
5
Suppose -5*y + 4*y = -4. Suppose -k + 0*q = -2*q - 9, y*q = -4*k - 24. Let j(u) be the third derivative of 7*u**6/120 - u**4/24 - u**3/6 + u**2. What is j(k)?
-7
Let r(u) be the first derivative of u**4/4 + u**3 + u**2 + 3*u - 2. Calculate r(-3).
-3
Let q = -13 - -8. Let c(m) = -m**3 - 6*m**2 - 4*m + 3. Let n be c(q). Let j(s) = -2*s**3 - 2*s**2 + 2*s. Give j(n).
4
Suppose 0*p - 5*v = 3*p - 14, p = 3*v. Let t(a) = -3*a + 1 + 3*a + 2*a - 6*a**3 + 4*a**p - a**2. Give t(2).
-15
Let o(f) be the third derivative of -f**6/240 - f**5/60 - f**4/8 + f**2. Let z(r) be the second derivative of o(r). Give z(2).
-8
Let z(p) = 4*p**3 - 3*p**3 - 3*p + 3 - 1. Let i(s) = s**3 + 5*s**2 + 6*s + 5. Let y be i(-4). Let a be (8/6)/((-2)/y). Calculate z(a).
4
Let s(t) be the first derivative of t**3/3 - 7*t**2/2 - 4*t - 3. Calculate s(6).
-10
Let n be ((-10)/(-15))/((-2)/(-12)). Let i = n + -2. Let v(f) = 2*f**2 - 3*f + 3. Calculate v(i).
5
Let n(v) be the second derivative of -2*v + 5/2*v**2 + 2/3*v**3 + 0. Let a(o) = 21*o + 24. Let c(b) = 2*a(b) - 11*n(b). Give c(-5).
3
Let z(t) be the third derivative of t**6/120 - t**5/12 - t**4/24 + 2*t**3/3 - 9*t**2. Calculate z(5).
-1
Let o(s) = s**3 + 5*s**2 - 5*s + 8. Suppose g - 12 = 3*b + 5, 0 = 2*b - g + 11. What is o(b)?
2
Let y(u) be the second derivative of u**7/1260 - u**6/360 - u**5/120 - 7*u**4/12 + u. Let a(c) be the third derivative of y(c). Determine a(-1).
3
Let i = 3 - -2. Let a(j) = -j**3 - 7*j + 5*j - 2 + i*j**2 + 4. Let f = -6 + 10. What is a(f)?
10
Let i = 41 + -45. Let a(v) be the first derivative of v**2/2 + 5*v - 2. Calculate a(i).
1
Let j(k) = 5 - 17 + 11 + 8*k**3 + k. Let g = 3 - 0. Suppose -2*o - m - 4 = 2*m, g*o = 3*m + 9. Give j(o).
8
Let m(o) be the second derivative of -o**5/20 + 7*o**4/12 - 2*o**3/3 + 3*o**2 - 8*o. What is m(6)?
18
Let y = -1 + 1. Suppose y = -a + 5*a. Let u(z) = a + 0 + z. What is u(0)?
0
Let k(u) = u**3 + 6*u**2 + 4*u + 1. Let v = -78 + 73. Calculate k(v).
6
Let r(l) = -1 + 9 + l**2 - 2. Give r(0).
6
Let w(v) = -11*v**3 - 4*v**2 + 4*v + 13. Let f(p) = 5*p**3 + 2*p**2 - 2*p - 6. Let t(x) = 13*f(x) + 6*w(x). Let j = -1 - -3. Calculate t(j).
-4
Let u(w) = -3*w**2 + 7*w + 22. Suppose 0 = f - 4*a - 9, -3*f - 2*a = -5*a. Let t(o) = -o**2 + 2*o + 7. Let q(d) = f*u(d) + 8*t(d). What is q(7)?
4
Let w(s) = -7*s**3 + 2*s**2 - s. Let l be w(1). Let m(i) be the first derivative of -i**3/3 - 3*i**2/2 + 8*i - 19. Give m(l).
-10
Let g(l) be the first derivative of 3*l**2/2 - l + 13. Give g(1).
2
Let u(q) = q**3 - 8*q**2 + 8*q - 6. Let n(t) = 2*t + 7. Let c(o) = -o - 6. Let l(y) = 6*c(y) + 5*n(y). Let k be l(2). Give u(k).
1
Suppose 0 = 3*a + 3 - 9. Let w be -2 + 0/(-1) - a. Let r(s) = 2*s**3 - 3*s**3 + 0*s**3 - 5*s**2 - s + 4. What is r(w)?
-8
Let o(l) = -l - 2. Let k(a) = a + 3. Let n(d) = 3*k(d) + 4*o(d). Give n(4).
-3
Let f(r) = -r**2 - 9*r + 6. Let o(d) be the second derivative of d**4/6 + 17*d**3/6 - 11*d**2/2 - d. Let i(c) = -11*f(c) - 6*o(c). Calculate i(-4).
-4
Let k be (-3 - (1 + -2)) + -1. Let d = 6 - 4. Let t(w) = 1 + 2 + d*w - 2. Give t(k).
-5
Let g(i) = 7*i**2 - 9*i + 1. Let s(z) = -3*z**2 + 4*z - 1. Let q(l) = -2*g(l) - 5*s(l). Give q(2).
3
Let a(u) = -u**2 - u + 1. Let k(r) = 6*r**2 + 2*r - 2. Let n(z) = 2*a(z) + k(z). Let m be n(-1). Let v(y) = m + 1 - y - 5 - 3*y**2. Give v(-1).
-2
Let f(d) = -5*d + 4. Let p = -96 + 99. Give f(p).
-11